s of 2134520?
2, 5, 17, 43, 73
List the prime factors of 14190191.
14190191
List the prime factors of 517110.
2, 3, 5, 11, 1567
List the prime factors of 23157767.
53, 179, 2441
List the prime factors of 259501.
11, 31, 761
What are the prime factors of 904410?
2, 3, 5, 13, 773
What are the prime factors of 1163?
1163
List the prime factors of 6643320.
2, 3, 5, 23, 29, 83
List the prime factors of 5041673.
7, 13, 17, 3259
What are the prime factors of 5361469?
691, 7759
What are the prime factors of 56612?
2, 14153
List the prime factors of 28381.
101, 281
What are the prime factors of 1086431?
37, 29363
List the prime factors of 2222026.
2, 1111013
List the prime factors of 591420.
2, 3, 5, 9857
List the prime factors of 202642.
2, 11, 61, 151
List the prime factors of 40279.
47, 857
What are the prime factors of 280570?
2, 5, 28057
What are the prime factors of 10362506?
2, 7, 11, 67289
What are the prime factors of 216059?
47, 4597
List the prime factors of 20969533.
13, 1613041
List the prime factors of 639132.
2, 3, 13, 17, 241
What are the prime factors of 329393?
329393
What are the prime factors of 10655?
5, 2131
List the prime factors of 378603.
3, 23, 31, 59
What are the prime factors of 1611585?
3, 5, 59, 607
What are the prime factors of 33127657?
29, 1142333
What are the prime factors of 5274569?
97, 54377
List the prime factors of 27870055.
5, 17, 19, 17257
List the prime factors of 4920526.
2, 13, 189251
List the prime factors of 1925226.
2, 3, 106957
What are the prime factors of 19481?
7, 11, 23
List the prime factors of 7087501.
7087501
List the prime factors of 2173809.
3, 11, 19, 3467
List the prime factors of 356110.
2, 5, 149, 239
What are the prime factors of 4748815?
5, 103, 9221
What are the prime factors of 6645225?
3, 5, 251, 353
What are the prime factors of 2539676?
2, 227, 2797
What are the prime factors of 3570385?
5, 7, 13, 19, 59
What are the prime factors of 9148418?
2, 271, 16879
List the prime factors of 195825.
3, 5, 7, 373
What are the prime factors of 10885780?
2, 5, 17, 101, 317
What are the prime factors of 208788?
2, 3, 127, 137
List the prime factors of 21197843.
229, 92567
What are the prime factors of 29362575?
3, 5, 11, 35591
List the prime factors of 8638627.
8638627
What are the prime factors of 11513371?
11513371
List the prime factors of 5906854.
2, 17, 67, 2593
List the prime factors of 991978.
2, 13, 38153
List the prime factors of 1341172.
2, 7, 19, 2521
List the prime factors of 654052.
2, 7, 47, 71
List the prime factors of 397539.
3, 44171
What are the prime factors of 18629389?
37, 347, 1451
List the prime factors of 44642.
2, 13, 17, 101
What are the prime factors of 138242?
2, 13, 409
List the prime factors of 189808.
2, 11863
What are the prime factors of 5000113?
5000113
What are the prime factors of 1452648?
2, 3, 60527
List the prime factors of 6175053.
3, 686117
What are the prime factors of 25347?
3, 7, 17, 71
What are the prime factors of 254618?
2, 7, 13, 1399
What are the prime factors of 3283134?
2, 3, 67, 8167
List the prime factors of 117364.
2, 13, 37, 61
What are the prime factors of 1382759?
7, 251, 787
List the prime factors of 3666601.
19, 192979
What are the prime factors of 1387766?
2, 29, 71, 337
What are the prime factors of 997742?
2, 37, 97, 139
List the prime factors of 45853.
45853
List the prime factors of 2737554.
2, 3, 467, 977
List the prime factors of 208419.
3, 69473
List the prime factors of 780230.
2, 5, 11, 41, 173
What are the prime factors of 164536?
2, 131, 157
List the prime factors of 57883.
7, 8269
What are the prime factors of 74940?
2, 3, 5, 1249
List the prime factors of 285326.
2, 179, 797
List the prime factors of 12630971.
71, 73, 2437
List the prime factors of 1394717.
521, 2677
List the prime factors of 2181441.
3, 251, 2897
What are the prime factors of 2355485?
5, 11, 113, 379
List the prime factors of 6586284.
2, 3, 457, 1201
What are the prime factors of 17963?
11, 23, 71
What are the prime factors of 423950?
2, 5, 61, 139
List the prime factors of 852059.
13, 65543
What are the prime factors of 10736534?
2, 5368267
What are the prime factors of 457098?
2, 3, 29, 37, 71
What are the prime factors of 80263?
80263
List the prime factors of 27489161.
7, 1597, 2459
List the prime factors of 832095.
3, 5, 11, 41
List the prime factors of 1134248.
2, 29, 4889
List the prime factors of 28123925.
5, 1124957
List the prime factors of 1835951.
13, 19, 7433
What are the prime factors of 79779?
3, 7, 29, 131
What are the prime factors of 2565620?
2, 5, 163, 787
List the prime factors of 1709185.
5, 31, 11027
What are the prime factors of 1539499?
13, 118423
What are the prime factors of 2445081?
3, 47, 17341
List the prime factors of 4030450.
2, 5, 149, 541
What are the prime factors of 288993?
3, 96331
What are the prime factors of 100307?
37, 2711
List the prime factors of 31669309.
7, 61, 74167
List the prime factors of 123432.
2, 3, 37, 139
List the prime factors of 511685.
5, 102337
What are the prime factors of 29322394?
2, 449, 32653
List the prime factors of 870814.
2, 7, 62201
What are the prime factors of 1162016?
2, 36313
What are the prime factors of 18804914?
2, 9402457
List the prime factors of 2439869.
41, 59509
List the prime factors of 4056785.
5, 19, 42703
What are the prime factors of 1610132?
2, 383, 1051
List the prime factors of 527897.
527897
List the prime factors of 787562.
2, 379, 1039
What are the prime factors of 32173810?
2, 5, 3217381
List the prime factors of 22544858.
2, 7, 1610347
What are the prime factors of 1007374?
2, 101, 4987
List the prime factors of 5254786.
2, 2627393
List the prime factors of 672835.
5, 53, 2539
What are the prime factors of 460719?
3, 7, 71, 103
List the prime factors of 428423.
37, 11579
List the prime factors of 3104719.
409, 7591
List the prime factors of 814559.
814559
What are the prime factors of 4280450?
2, 5, 59, 1451
List the prime factors of 701641.
17, 149, 277
What are the prime factors of 6782331?
3, 149, 15173
What are the prime factors of 12876574?
2, 193, 33359
What are the prime factors of 2567420?
2, 5, 31, 41, 101
What are the prime factors of 309939?
3, 7, 14759
What are the prime factors of 122379?
3, 19, 113
What are the prime factors of 9905371?
7, 149, 9497
List the prime factors of 240203.
240203
List the prime factors of 1074508.
2, 29, 59, 157
What are the prime factors of 89579?
7, 67, 191
List the prime factors of 48156.
2, 3, 4013
What are the prime factors of 3433708?
2, 858427
What are the prime factors of 3326375?
5, 13, 23, 89
List the prime factors of 683046.
2, 3, 7, 13, 139
What are the prime factors of 16702571?
16702571
List the prime factors of 126410.
2, 5, 12641
What are the prime factors of 153981?
3, 1901
List the prime factors of 5210372.
2, 29, 44917
What are the prime factors of 215447?
215447
List the prime factors of 617982.
2, 3, 127, 811
What are the prime factors of 391535?
5, 78307
What are the prime factors of 997601?
11, 89, 1019
What are the prime factors of 1023817?
683, 1499
What are the prime factors of 665578?
2, 67, 4967
List the prime factors of 22143309.
3, 73, 101111
What are the prime factors of 969926?
2, 199, 2437
List the prime factors of 3268.
2, 19, 43
List the prime factors of 2370569.
2370569
List the prime factors of 2130719.
37, 57587
What are the prime factors of 1225588?
2, 7, 13, 37
List the prime factors of 3862582.
2, 1931291
What are the prime factors of 222725?
5, 59, 151
List the prime factors of 171385.
5, 151, 227
List the prime factors of 54078.
2, 3, 9013
What are the prime factors of 6313658?
2, 13, 139, 1747
What are the prime factors of 4676611?
569, 8219
List the prime factors of 5596713.
3, 47, 101, 131
List the prime factors of 312437.
97, 3221
List the prime factors of 32712265.
5, 6542453
List the prime factors of 14134251.
3, 4711417
What are the prime factors of 923520?
2, 3, 5, 13, 37
List the prime factors of 314467.
314467
What are the prime factors of 5210912?
2, 7, 43, 541
What are the prime factors of 676238?
2, 338119
What are the prime factors of 2367239?
7, 48311
List the prime factors of 7535400.
2, 3, 5, 19, 661
What are the prime factors of 671296?
2, 17, 617
List the prime f